?
-1
Suppose 5*p - 30 = 6*r - r, -6 = 5*r + 3*p. Let j be ((-1)/r)/((-12)/(-72)). Let b(w) = 4 + 6*w**2 - j*w**2 + w**2 + w**3 + 4*w. Give b(-5).
-16
Let b(u) = 3*u**2 - 3*u**2 + 613 + 2*u + u**2 - 5*u**3 - 204 - 205 - 207. Suppose -3*w = 5*s + 5, s - 1 = -w - 4. What is b(s)?
-35
Let g(q) = 51039 - 4*q + 3*q - 51041. Suppose 5*b - 2*o + 12 = 0, -b + 5*o - 13 = -6. What is g(b)?
0
Let j(n) = 123*n**3 + n**2 + n - 1. Let b(d) = 614*d**3 + 16*d**2 + 4*d + 33. Let p(t) = b(t) - 5*j(t). Determine p(11).
27
Suppose 33*y - 35*y = 54. Let v be (-18)/y*36/8. Let l(a) = -a**2 + 2*a + 2. Determine l(v).
-1
Let v be (-1)/(27/99 - (-18)/(-99)). Let s(g) = g**3 + 12*g**2 + 12*g + 6. Give s(v).
-5
Let s(v) = v**2 - 5*v - 12. Let k = -4371 - -4379. Give s(k).
12
Let k = -4055 - -4066. Let x(h) = -h - 1 + 8 + 0*h. What is x(k)?
-4
Let b(m) = -3*m**2 - 4*m + 3. Suppose 0 = -3*v - 5*s + 21, -2*v + 23 = 2*v + 5*s. Give b(v).
-17
Let h(a) = 267*a - 8*a**2 + 271*a - 530*a - 7 + 70*a**2. Calculate h(1).
63
Let n(z) = -z**2. Let b(d) = -d**3 - 8*d**2 - d - 1. Let s(p) = -b(p) + 6*n(p). Let k be ((-4)/(-23))/(-7 - (-9943)/1403). Calculate s(k).
19
Let a(h) = h**3 - 21*h**2 - 26*h + 4. Let k be 55 + -26 - ((-2)/6 + 110/15). What is a(k)?
-84
Let b(j) = -4*j**2 + 4084 - 4081 + 2*j**2 + 16*j. Calculate b(10).
-37
Let s(v) = -6*v - 1. Suppose 5*g + 9*c + 30 = 4*c, -3*g - 5*c - 24 = 0. Let h be ((-1)/3*-3)/(g/9). Calculate s(h).
17
Let h(l) = -l. Suppose 4*u = -5*k - 25, -5*u = -5*k - 43 + 108. Calculate h(u).
10
Let y(l) = -2*l**3 + 28*l**2 + 11*l - 160. Let d be y(14). Let v(g) = 15*g + 83. Give v(d).
-7
Let v(g) = -1049 + 365*g**2 - 4*g + 1044 - 364*g**2. What is v(7)?
16
Let v(j) = 2*j**2 - 3*j. Let a be v(2). Let i(z) = 2485 + 6*z**3 + 2*z - 1239 - 10*z**2 - 1244 + 6*z**2 + 0*z. Determine i(a).
38
Let k(g) = -g**3 - 16*g**2 + 18*g + 16. Suppose -n + 40 = -2*f, -4*f + 18*n = 28*n + 8. Give k(f).
-1
Let d(k) = -5*k**2 - 21*k**3 + 20*k - 17*k**3 + 2*k**2 - 10*k + 36*k**3 + 1. What is d(2)?
-7
Let t(b) be the first derivative of 7*b + 80 - 1/2*b**2. Calculate t(-6).
13
Let n = 55 + -40. Let v = n - 15. Let o be v - 4/1*(-1)/2. Let r(j) = -3*j**2 + j + 1. Determine r(o).
-9
Let p be 2/5 + (-46)/(-10). Let b(f) be the second derivative of -f**4/24 - f**3/6 + 179*f**2/2 - 2*f + 8. Let s(j) be the first derivative of b(j). Give s(p).
-6
Let k(g) = -g**3 + 6*g**2 - g - 4. Suppose -6*x - 2704 = -19*x. Suppose 0 = 3*n + 190 - x. Determine k(n).
-10
Let g(m) = -m**3 - 9*m**2 - 9*m - 1. Let h(x) be the second derivative of -5*x**3/3 - 44*x**2 + 80*x. Let v be h(-8). Determine g(v).
7
Let r(c) be the first derivative of 2*c**3/3 - 8*c**2 - 32*c + 7983. Give r(13).
98
Let r = 61 + 11. Let l be (r/216)/(2/(-90)). Let f(h) = -h**3 - 15*h**2 + h + 9. Determine f(l).
-6
Let d be 270/18*1/3. Suppose -3*v = -d*i - 0*v + 13, -i - 2*v = 0. Let o(c) = -11*c + 29*c - c**3 - 8*c - 4 - 5*c**i - 11*c. Calculate o(-5).
1
Let t(v) = -5*v + 3. Let f(m) = 7*m - 3. Let g(a) = -4*f(a) - 6*t(a). Suppose -6*p + 22 = -38. Give g(p).
14
Let p(z) = -19*z**3 + 15*z**2 + 14*z - 13. Let r(c) = -4*c**3 - 1. Let i(y) = p(y) - 5*r(y). What is i(-14)?
-8
Let a be (-441)/72 - (-13)/104. Let i(h) = -14*h - 35. Let q(b) = -12*b - 35. Let y(r) = 3*i(r) - 4*q(r). Calculate y(a).
-1
Let c(u) = u**3 - 4*u**2 - 2*u + 6. Suppose -3*x + 6*y = 5*y - 15, 3*x + 5*y = -3. Suppose -10 = -w + 2*h, x*h - 1 + 25 = 3*w. Determine c(w).
-2
Let f(z) = -3*z**2. Let b(a) = 5*a - 31. Let u be b(7). Suppose u*v + q - 10 = 0, -5*v = -2*q + 2 - 21. Determine f(v).
-27
Let b(w) = 8*w - 66. Let s be b(9). Suppose -92 = -s*p - 122. Let h(t) = 2*t**2 + 9*t - 6. What is h(p)?
-1
Let m(q) = 21*q**3 - 6*q**2 + 4*q + 7. Let p(l) = 10*l**3 - l + 1. Let y(s) = -m(s) + 2*p(s). Calculate y(6).
-41
Let j(d) be the second derivative of d**3/2 - d**2/2 + d. Let v be -9 + 20 + (0 - 3). Let p(m) = -m**2 + 66. Let b be p(v). Give j(b).
5
Suppose -144 = -h - 142. Let i be ((-3)/h)/(6/464). Let j = i - -117. Let a(d) = 8*d**2 - 1. Give a(j).
7
Let r = -5273 - -5278. Let q(x) = 3*x**2 - 10*x. Calculate q(r).
25
Let s(x) = 12*x**2 + 36*x + 47. Let j(n) = 19*n**2 + 55*n + 71. Let d(i) = 5*j(i) - 8*s(i). Give d(-10).
9
Let i(j) = 20*j - 4 - 13*j + 4 - 3. Let y(g) = -2*g**2 - 35*g + 23. Let b be y(-18). Give i(b).
32
Let i(x) = 3*x**3 + 4*x**2 - x + 32. Let q be i(-5). Let t be 34/q - 36/(-7). Let h(s) = s**3 - 4*s**2 - 7*s + 3. Calculate h(t).
-7
Let u(x) = 13*x**2 + 1. Let y = 114 - 100. Let l(g) = -3*g + y + 10 + 2*g - 23. Let c be l(0). What is u(c)?
14
Let y(g) = -g**3 + 5*g**2 - 3*g + 5. Let n(v) = -v**3 + 11*v**2 - 14*v + 44. Suppose -2*k + 4 + 0 = -4*h, -5*h = -k - 10. Let s be n(k). Give y(s).
9
Let f = -215 + 223. Let o(j) = j**3 - 9*j**2 + 10*j - 15. Let m be o(f). Let a(t) = -12*t**3 - t**2 + t. Determine a(m).
-12
Let z(c) be the first derivative of 7*c**6/180 - c**5/120 + c**4/24 + 37*c**3/3 + 125. Let y(n) be the third derivative of z(n). Calculate y(1).
14
Let w(k) = -3*k**2 - 1. Suppose 8*o - 4*o - 96 = 0. Let s be (4/(o/(-18)))/((-2)/6). Suppose s = -4*b + 13*b. What is w(b)?
-4
Let o(g) be the second derivative of g**5/20 + 5*g**4/6 - 3*g**3/2 + 9*g**2 - 31372*g. Let a be (11/3)/((-1)/3). Determine o(a).
-4
Let z = 69 + -66. Let o(k) = 10*k**2 + 0 - 4 - 3*k**2 - 5*k - k**z. Let l = 15 + -9. Calculate o(l).
2
Let b = 4738 - 4741. Let z(u) be the third derivative of u**5/60 - u**4/24 - u**3/6 + 8*u**2. Determine z(b).
11
Let r(i) = -6*i + 93. Let h(q) = 5*q - 118. Let z(l) = -4*h(l) - 5*r(l). Give z(-4).
-33
Let r be ((-174)/(-8))/(-29) + (-2)/8. Let j = 0 - -3. Let x(g) = -7*g**2 + 2*g**2 - 2*g + g + 4*g**2 + 4*g**j. Give x(r).
-4
Let o(a) = -37*a**2 - 6*a - 4. Let r be o(-1). Let l be (-3)/(r/36 + (-24)/(-108)). Let z(y) = -486 + 493 + 5*y - l*y - 2*y. What is z(0)?
7
Let g(r) = -65*r + 696. Let i(s) = 63*s - 694. Let x(k) = -3*g(k) - 2*i(k). Give x(10).
-10
Let r(c) = -2*c + 43. Let i be r(28). Let b(m) be the first derivative of -m**3/3 - 11*m**2/2 + 18*m + 34. Give b(i).
-8
Let h(a) = 5*a**3 - 2*a**2 + 4*a - 6. Suppose -14 = -4*y - 3*q, 2*y - 554*q + 556*q - 8 = 0. What is h(y)?
34
Let c(b) = 21*b - 147. Let i be c(7). Suppose -r = 4*r. Suppose y + v + 0 - 2 = i, r = -5*v + 10. Let p(j) = j**3 + j**2 - 24. What is p(y)?
-24
Suppose -z = -y - 287 - 154, -3*z = 2*y - 1318. Let c = z - 446. Let s(j) = j - 1. Let a(i) = -4*i + 13. Let b(x) = -a(x) - 5*s(x). What is b(c)?
-2
Let o = -26 - -25. Let l(n) = -n**3 + 3*n + 2. Let f be l(o). Let j be (1 - f)*6*8/(-12). Let g(c) = -c - 6. Give g(j).
-2
Suppose -3*p = f - 41, 65*p = 69*p + 12. Let b(q) = q**2 - 46*q - 192. Determine b(f).
8
Let m(q) = 190*q + 164. Let i(v) = 366*v + 329. Let g(o) = 14*i(o) - 27*m(o). What is g(31)?
-8
Let x(h) = -h - 13. Let b(j) = -2*j**2 - j**2 - 6*j**2 + 2*j**3 + 15*j + 3*j**2 - 16*j. Let c be b(3). Calculate x(c).
-10
Let u(p) = -3*p**2 + p + 1. Suppose -90*r = -84*r - 12. Let i be (-7 + 1)/(-3) + (r - 2). Give u(i).
-9
Let j be (-18)/(-72) - (-14)/8. Let s(x) be the second derivative of 0*x**3 + 1/3*x**4 - 8*x - 1/20*x**5 - 1/2*x**2 + 0. Calculate s(j).
7
Let s be ((-606)/(-404))/(1 - 3/2). Let v be (-10)/6 + (-2)/(-3). Let h(o) = -o - 1. Let t(c) = 2*c**2 - 6. Let m(d) = v*t(d) + 3*h(d). Determine m(s).
-6
Let s(d) be the first derivative of 1/4*d**4 + 1/2*d**2 + 2*d + 9 + 7/3*d**3. Suppose -5*o + 151 = 186. Give s(o).
-5
Let n be (-104)/(-26)*5/4. Let m(v) = -2 + 0 - 4 + 6*v - 3*v**2 + 2*v**2. What is m(n)?
-1
Let l(w) be the first derivative of -5*w**2 - 31*w + 16. Let k be l(-9). Let g = k + -63. Let j(x) = x**2 + 6*x + 6. Give j(g).
-2
Let b(v) = -v**3 - 5*v**2 + 7*v + 8. Let f be b(-7). Let w(a) = f*a + a**2 - 45*a - a**3 - 10*a**2 + 13. Suppose -3*t - 32 + 2 = 0. Give w(t).
-7
Suppose 17 = y - 3*w - 41, -3*y - 4*w = -122. Let j(r) = 17*r**3 + r - 46 + 142 - y - 49. Let x = -4 - -3. Determine j(x).
-17
Let b(g) = -4*g**3 + 15*g**2 + 12*g - 14. Suppose r - 4*r - 15 = 0. Let z(d) = 3*d**3 - 10*d**2 - 8*d + 10. Let w(m) = r*b(m) - 7*z(m). Give w(-4).
0
Let p(f) be the second derivative of f**5/20 - 3*f**4/4 + 5*f**3/3 - 4*f**2 + 14715*f. Give p(10).
192
Let b(s) = 5*s**3 + 6*s**2 + 5*s + 2. Let c(u) = -u**3 - u**2 - u - 1. Let y(v) = -b(v) - 4*c(v). Suppose 